{"id":1052,"date":"2025-06-27T09:37:51","date_gmt":"2025-06-27T10:37:51","guid":{"rendered":"https:\/\/atumsantacatarina.com\/?post_type=produto_info&#038;p=1052"},"modified":"2025-09-16T13:11:27","modified_gmt":"2025-09-16T14:11:27","slug":"filete-de-atum-em-azeite-120g-ermida-de-santo-cristo-ilha-de-sao-jorge","status":"publish","type":"produto_info","link":"https:\/\/atumsantacatarina.com\/en\/produto_info\/filete-de-atum-em-azeite-120g-ermida-de-santo-cristo-ilha-de-sao-jorge\/","title":{"rendered":"Filete de atum em azeite 120g &#8211; Ermida de Santo Cristo (Ilha de S\u00e3o Jorge)"},"content":{"rendered":"<p><strong>Ermida de Santo Cristo (Ilha de S\u00e3o Jorge) &#8211; local de f\u00e9 e peregrina\u00e7\u00e3o.<\/strong><\/p>\n<p>Esta faj\u00e3, possivelmente uma das mais bonitas e sem d\u00favida a mais famosa faj\u00e3 da ilha de S\u00e3o Jorge. Em 1984 foi classificada como Reserva Natural, pelo Governo Regional dos A\u00e7ores, especialmente por causa da exist\u00eancia de am\u00eaijoas na sua Lagoa.<\/p>\n<p>Mais tarde foi classificada como s\u00edtio de import\u00e2ncia internacional ao abrigo da Conven\u00e7\u00e3o de Ramsar (a Conven\u00e7\u00e3o sobre as Zonas H\u00famidas de Import\u00e2ncia Internacional ou Convention on Wetlands of International Importance), relativa \u00e0s Zonas H\u00famidas de Import\u00e2ncia Internacional como Habitat de Aves Aqu\u00e1ticas, gra\u00e7as \u00e0 sua lagoa. Al\u00e9m da paisagem indescrit\u00edvel a fama da regi\u00e3o d\u00e1-se pela devo\u00e7\u00e3o e f\u00e9 dos visitantes e tamb\u00e9m pelas condi\u00e7\u00f5es do mar bravio, ideal para a pr\u00e1tica de desportos radicais.<\/p>\n<p>A bela igreja de Santo Cristo, desta faj\u00e3, foi benzida no dia 10 de Novembro de 1835. Desde essa altura que se transformou num local de culto onde v\u00e3o devotos de toda a ilha. V\u00e3o para o pagamento de promessas e pedidos de gra\u00e7as.<\/p>\n<p>A festa do Padroeiro da ermida \u00e9 no primeiro Domingo de Setembro, com Missa e Prociss\u00e3o.<\/p>\n<p>Os peregrinos, praticamente de toda a ilha, deslocam-se at\u00e9 aqui a p\u00e9, tanto pelo caminho da Faj\u00e3 dos Cubres, como pela vereda da Caldera de Cima que come\u00e7a a grande altitude, na Serra do Topo que tem vistas de cortar a respira\u00e7\u00e3o.<\/p>","protected":false},"excerpt":{"rendered":"<p>Ermida de Santo Cristo (Ilha de S\u00e3o Jorge) &#8211; local de f\u00e9 e peregrina\u00e7\u00e3o. Esta faj\u00e3, possivelmente uma das mais bonitas e sem d\u00favida a mais famosa faj\u00e3 da ilha de S\u00e3o Jorge. Em 1984 foi classificada como Reserva Natural, pelo Governo Regional dos A\u00e7ores, especialmente por causa da exist\u00eancia de am\u00eaijoas na sua Lagoa. [&hellip;]<\/p>","protected":false},"featured_media":1217,"parent":0,"template":"","meta":{"_acf_changed":false},"categoria_prod":[45,32],"class_list":["post-1052","produto_info","type-produto_info","status-publish","has-post-thumbnail","hentry","categoria_prod-edicoes-especiais","categoria_prod-santa-catarina"],"acf":[],"yoast_head":"<!-- This site is optimized with the Yoast SEO plugin v22.4 - https:\/\/yoast.com\/wordpress\/plugins\/seo\/ -->\n<title>Filete de atum em azeite 120g - Ermida de Santo Cristo (Ilha de S\u00e3o Jorge) - Atum Santa Catarina<\/title>\n<meta name=\"robots\" content=\"index, follow, max-snippet:-1, max-image-preview:large, max-video-preview:-1\" \/>\n<link rel=\"canonical\" href=\"https:\/\/atumsantacatarina.com\/en\/produto_info\/filete-de-atum-em-azeite-120g-ermida-de-santo-cristo-ilha-de-sao-jorge\/\" \/>\n<meta property=\"og:locale\" content=\"en_GB\" \/>\n<meta property=\"og:type\" content=\"article\" \/>\n<meta property=\"og:title\" content=\"Filete de atum em azeite 120g - Ermida de Santo Cristo (Ilha de S\u00e3o Jorge) - Atum Santa Catarina\" \/>\n<meta property=\"og:description\" content=\"Ermida de Santo Cristo (Ilha de S\u00e3o Jorge) &#8211; local de f\u00e9 e peregrina\u00e7\u00e3o. Esta faj\u00e3, possivelmente uma das mais bonitas e sem d\u00favida a mais famosa faj\u00e3 da ilha de S\u00e3o Jorge. Em 1984 foi classificada como Reserva Natural, pelo Governo Regional dos A\u00e7ores, especialmente por causa da exist\u00eancia de am\u00eaijoas na sua Lagoa. [&hellip;]\" \/>\n<meta property=\"og:url\" content=\"https:\/\/atumsantacatarina.com\/en\/produto_info\/filete-de-atum-em-azeite-120g-ermida-de-santo-cristo-ilha-de-sao-jorge\/\" \/>\n<meta property=\"og:site_name\" content=\"Atum Santa Catarina\" \/>\n<meta property=\"article:modified_time\" content=\"2025-09-16T14:11:27+00:00\" \/>\n<meta property=\"og:image\" content=\"https:\/\/atumsantacatarina.com\/wp-content\/uploads\/2025\/06\/artboard-10.jpg\" \/>\n\t<meta property=\"og:image:width\" content=\"1000\" \/>\n\t<meta property=\"og:image:height\" content=\"1500\" \/>\n\t<meta property=\"og:image:type\" content=\"image\/jpeg\" \/>\n<meta name=\"twitter:card\" content=\"summary_large_image\" \/>\n<meta name=\"twitter:label1\" content=\"Estimated reading time\" \/>\n\t<meta name=\"twitter:data1\" content=\"2 minutes\" \/>\n<script type=\"application\/ld+json\" class=\"yoast-schema-graph\">{\"@context\":\"https:\/\/schema.org\",\"@graph\":[{\"@type\":\"WebPage\",\"@id\":\"https:\/\/atumsantacatarina.com\/produto_info\/filete-de-atum-em-azeite-120g-ermida-de-santo-cristo-ilha-de-sao-jorge\/\",\"url\":\"https:\/\/atumsantacatarina.com\/produto_info\/filete-de-atum-em-azeite-120g-ermida-de-santo-cristo-ilha-de-sao-jorge\/\",\"name\":\"Filete de atum em azeite 120g - Ermida de Santo Cristo (Ilha de S\u00e3o Jorge) - Atum Santa Catarina\",\"isPartOf\":{\"@id\":\"https:\/\/atumsantacatarina.com\/#website\"},\"primaryImageOfPage\":{\"@id\":\"https:\/\/atumsantacatarina.com\/produto_info\/filete-de-atum-em-azeite-120g-ermida-de-santo-cristo-ilha-de-sao-jorge\/#primaryimage\"},\"image\":{\"@id\":\"https:\/\/atumsantacatarina.com\/produto_info\/filete-de-atum-em-azeite-120g-ermida-de-santo-cristo-ilha-de-sao-jorge\/#primaryimage\"},\"thumbnailUrl\":\"https:\/\/atumsantacatarina.com\/wp-content\/uploads\/2025\/06\/artboard-10.jpg\",\"datePublished\":\"2025-06-27T10:37:51+00:00\",\"dateModified\":\"2025-09-16T14:11:27+00:00\",\"breadcrumb\":{\"@id\":\"https:\/\/atumsantacatarina.com\/produto_info\/filete-de-atum-em-azeite-120g-ermida-de-santo-cristo-ilha-de-sao-jorge\/#breadcrumb\"},\"inLanguage\":\"en-GB\",\"potentialAction\":[{\"@type\":\"ReadAction\",\"target\":[\"https:\/\/atumsantacatarina.com\/produto_info\/filete-de-atum-em-azeite-120g-ermida-de-santo-cristo-ilha-de-sao-jorge\/\"]}]},{\"@type\":\"ImageObject\",\"inLanguage\":\"en-GB\",\"@id\":\"https:\/\/atumsantacatarina.com\/produto_info\/filete-de-atum-em-azeite-120g-ermida-de-santo-cristo-ilha-de-sao-jorge\/#primaryimage\",\"url\":\"https:\/\/atumsantacatarina.com\/wp-content\/uploads\/2025\/06\/artboard-10.jpg\",\"contentUrl\":\"https:\/\/atumsantacatarina.com\/wp-content\/uploads\/2025\/06\/artboard-10.jpg\",\"width\":1000,\"height\":1500},{\"@type\":\"BreadcrumbList\",\"@id\":\"https:\/\/atumsantacatarina.com\/produto_info\/filete-de-atum-em-azeite-120g-ermida-de-santo-cristo-ilha-de-sao-jorge\/#breadcrumb\",\"itemListElement\":[{\"@type\":\"ListItem\",\"position\":1,\"name\":\"In\u00edcio\",\"item\":\"https:\/\/atumsantacatarina.com\/\"},{\"@type\":\"ListItem\",\"position\":2,\"name\":\"Filete de atum em azeite 120g &#8211; Ermida de Santo Cristo (Ilha de S\u00e3o Jorge)\"}]},{\"@type\":\"WebSite\",\"@id\":\"https:\/\/atumsantacatarina.com\/#website\",\"url\":\"https:\/\/atumsantacatarina.com\/\",\"name\":\"Atum Santa Catarina\",\"description\":\"\",\"potentialAction\":[{\"@type\":\"SearchAction\",\"target\":{\"@type\":\"EntryPoint\",\"urlTemplate\":\"https:\/\/atumsantacatarina.com\/?s={search_term_string}\"},\"query-input\":\"required name=search_term_string\"}],\"inLanguage\":\"en-GB\"}]}<\/script>\n<!-- \/ Yoast SEO plugin. -->","yoast_head_json":{"title":"Filete de atum em azeite 120g - Ermida de Santo Cristo (Ilha de S\u00e3o Jorge) - Atum Santa Catarina","robots":{"index":"index","follow":"follow","max-snippet":"max-snippet:-1","max-image-preview":"max-image-preview:large","max-video-preview":"max-video-preview:-1"},"canonical":"https:\/\/atumsantacatarina.com\/en\/produto_info\/filete-de-atum-em-azeite-120g-ermida-de-santo-cristo-ilha-de-sao-jorge\/","og_locale":"en_GB","og_type":"article","og_title":"Filete de atum em azeite 120g - Ermida de Santo Cristo (Ilha de S\u00e3o Jorge) - Atum Santa Catarina","og_description":"Ermida de Santo Cristo (Ilha de S\u00e3o Jorge) &#8211; local de f\u00e9 e peregrina\u00e7\u00e3o. Esta faj\u00e3, possivelmente uma das mais bonitas e sem d\u00favida a mais famosa faj\u00e3 da ilha de S\u00e3o Jorge. Em 1984 foi classificada como Reserva Natural, pelo Governo Regional dos A\u00e7ores, especialmente por causa da exist\u00eancia de am\u00eaijoas na sua Lagoa. [&hellip;]","og_url":"https:\/\/atumsantacatarina.com\/en\/produto_info\/filete-de-atum-em-azeite-120g-ermida-de-santo-cristo-ilha-de-sao-jorge\/","og_site_name":"Atum Santa Catarina","article_modified_time":"2025-09-16T14:11:27+00:00","og_image":[{"width":1000,"height":1500,"url":"https:\/\/atumsantacatarina.com\/wp-content\/uploads\/2025\/06\/artboard-10.jpg","type":"image\/jpeg"}],"twitter_card":"summary_large_image","twitter_misc":{"Estimated reading time":"2 minutes"},"schema":{"@context":"https:\/\/schema.org","@graph":[{"@type":"WebPage","@id":"https:\/\/atumsantacatarina.com\/produto_info\/filete-de-atum-em-azeite-120g-ermida-de-santo-cristo-ilha-de-sao-jorge\/","url":"https:\/\/atumsantacatarina.com\/produto_info\/filete-de-atum-em-azeite-120g-ermida-de-santo-cristo-ilha-de-sao-jorge\/","name":"Filete de atum em azeite 120g - Ermida de Santo Cristo (Ilha de S\u00e3o Jorge) - Atum Santa Catarina","isPartOf":{"@id":"https:\/\/atumsantacatarina.com\/#website"},"primaryImageOfPage":{"@id":"https:\/\/atumsantacatarina.com\/produto_info\/filete-de-atum-em-azeite-120g-ermida-de-santo-cristo-ilha-de-sao-jorge\/#primaryimage"},"image":{"@id":"https:\/\/atumsantacatarina.com\/produto_info\/filete-de-atum-em-azeite-120g-ermida-de-santo-cristo-ilha-de-sao-jorge\/#primaryimage"},"thumbnailUrl":"https:\/\/atumsantacatarina.com\/wp-content\/uploads\/2025\/06\/artboard-10.jpg","datePublished":"2025-06-27T10:37:51+00:00","dateModified":"2025-09-16T14:11:27+00:00","breadcrumb":{"@id":"https:\/\/atumsantacatarina.com\/produto_info\/filete-de-atum-em-azeite-120g-ermida-de-santo-cristo-ilha-de-sao-jorge\/#breadcrumb"},"inLanguage":"en-GB","potentialAction":[{"@type":"ReadAction","target":["https:\/\/atumsantacatarina.com\/produto_info\/filete-de-atum-em-azeite-120g-ermida-de-santo-cristo-ilha-de-sao-jorge\/"]}]},{"@type":"ImageObject","inLanguage":"en-GB","@id":"https:\/\/atumsantacatarina.com\/produto_info\/filete-de-atum-em-azeite-120g-ermida-de-santo-cristo-ilha-de-sao-jorge\/#primaryimage","url":"https:\/\/atumsantacatarina.com\/wp-content\/uploads\/2025\/06\/artboard-10.jpg","contentUrl":"https:\/\/atumsantacatarina.com\/wp-content\/uploads\/2025\/06\/artboard-10.jpg","width":1000,"height":1500},{"@type":"BreadcrumbList","@id":"https:\/\/atumsantacatarina.com\/produto_info\/filete-de-atum-em-azeite-120g-ermida-de-santo-cristo-ilha-de-sao-jorge\/#breadcrumb","itemListElement":[{"@type":"ListItem","position":1,"name":"In\u00edcio","item":"https:\/\/atumsantacatarina.com\/"},{"@type":"ListItem","position":2,"name":"Filete de atum em azeite 120g &#8211; Ermida de Santo Cristo (Ilha de S\u00e3o Jorge)"}]},{"@type":"WebSite","@id":"https:\/\/atumsantacatarina.com\/#website","url":"https:\/\/atumsantacatarina.com\/","name":"Atum Santa Catarina","description":"","potentialAction":[{"@type":"SearchAction","target":{"@type":"EntryPoint","urlTemplate":"https:\/\/atumsantacatarina.com\/?s={search_term_string}"},"query-input":"required name=search_term_string"}],"inLanguage":"en-GB"}]}},"_links":{"self":[{"href":"https:\/\/atumsantacatarina.com\/en\/wp-json\/wp\/v2\/produto_info\/1052","targetHints":{"allow":["GET"]}}],"collection":[{"href":"https:\/\/atumsantacatarina.com\/en\/wp-json\/wp\/v2\/produto_info"}],"about":[{"href":"https:\/\/atumsantacatarina.com\/en\/wp-json\/wp\/v2\/types\/produto_info"}],"wp:featuredmedia":[{"embeddable":true,"href":"https:\/\/atumsantacatarina.com\/en\/wp-json\/wp\/v2\/media\/1217"}],"wp:attachment":[{"href":"https:\/\/atumsantacatarina.com\/en\/wp-json\/wp\/v2\/media?parent=1052"}],"wp:term":[{"taxonomy":"categoria_prod","embeddable":true,"href":"https:\/\/atumsantacatarina.com\/en\/wp-json\/wp\/v2\/categoria_prod?post=1052"}],"curies":[{"name":"wp","href":"https:\/\/api.w.org\/{rel}","templated":true}]}}

Filete de atum em azeite 120g &#8211; Ermida de Santo Cristo (Ilha de São Jorge)

<p><strong>Ermida de Santo Cristo (Ilha de São Jorge) &#8211; local de fé e peregrinação.</strong></p>
<p>Esta fajã, possivelmente uma das mais bonitas e sem dúvida a mais famosa fajã da ilha de São Jorge. Em 1984 foi classificada como Reserva Natural, pelo Governo Regional dos Açores, especialmente por causa da existência de amêijoas na sua Lagoa.</p>
<p>Mais tarde foi classificada como sítio de importância internacional ao abrigo da Convenção de Ramsar (a Convenção sobre as Zonas Húmidas de Importância Internacional ou Convention on Wetlands of International Importance), relativa às Zonas Húmidas de Importância Internacional como Habitat de Aves Aquáticas, graças à sua lagoa. Além da paisagem indescritível a fama da região dá-se pela devoção e fé dos visitantes e também pelas condições do mar bravio, ideal para a prática de desportos radicais.</p>
<p>A bela igreja de Santo Cristo, desta fajã, foi benzida no dia 10 de Novembro de 1835. Desde essa altura que se transformou num local de culto onde vão devotos de toda a ilha. Vão para o pagamento de promessas e pedidos de graças.</p>
<p>A festa do Padroeiro da ermida é no primeiro Domingo de Setembro, com Missa e Procissão.</p>
<p>Os peregrinos, praticamente de toda a ilha, deslocam-se até aqui a pé, tanto pelo caminho da Fajã dos Cubres, como pela vereda da Caldera de Cima que começa a grande altitude, na Serra do Topo que tem vistas de cortar a respiração.</p>

<p>Ermida de Santo Cristo (Ilha de São Jorge) &#8211; local de fé e peregrinação. Esta fajã, possivelmente uma das mais bonitas e sem dúvida a mais famosa fajã da ilha de São Jorge. Em 1984 foi classificada como Reserva Natural, pelo Governo Regional dos Açores, especialmente por causa da existência de amêijoas na sua Lagoa. [&hellip;]</p>

<!-- This site is optimized with the Yoast SEO plugin v22.4 - https://yoast.com/wordpress/plugins/seo/ -->
<title>Filete de atum em azeite 120g - Ermida de Santo Cristo (Ilha de São Jorge) - Atum Santa Catarina</title>
<meta name="robots" content="index, follow, max-snippet:-1, max-image-preview:large, max-video-preview:-1" />
<link rel="canonical" href="https://atumsantacatarina.com/en/produto_info/filete-de-atum-em-azeite-120g-ermida-de-santo-cristo-ilha-de-sao-jorge/" />
<meta property="og:locale" content="en_GB" />
<meta property="og:type" content="article" />
<meta property="og:title" content="Filete de atum em azeite 120g - Ermida de Santo Cristo (Ilha de São Jorge) - Atum Santa Catarina" />
<meta property="og:description" content="Ermida de Santo Cristo (Ilha de São Jorge) &#8211; local de fé e peregrinação. Esta fajã, possivelmente uma das mais bonitas e sem dúvida a mais famosa fajã da ilha de São Jorge. Em 1984 foi classificada como Reserva Natural, pelo Governo Regional dos Açores, especialmente por causa da existência de amêijoas na sua Lagoa. [&hellip;]" />
<meta property="og:url" content="https://atumsantacatarina.com/en/produto_info/filete-de-atum-em-azeite-120g-ermida-de-santo-cristo-ilha-de-sao-jorge/" />
<meta property="og:site_name" content="Atum Santa Catarina" />
<meta property="article:modified_time" content="2025-09-16T14:11:27+00:00" />
<meta property="og:image" content="https://atumsantacatarina.com/wp-content/uploads/2025/06/artboard-10.jpg" />
	<meta property="og:image:width" content="1000" />
	<meta property="og:image:height" content="1500" />
	<meta property="og:image:type" content="image/jpeg" />
<meta name="twitter:card" content="summary_large_image" />
<meta name="twitter:label1" content="Estimated reading time" />
	<meta name="twitter:data1" content="2 minutes" />
<script type="application/ld+json" class="yoast-schema-graph">{"@context":"https://schema.org","@graph":[{"@type":"WebPage","@id":"https://atumsantacatarina.com/produto_info/filete-de-atum-em-azeite-120g-ermida-de-santo-cristo-ilha-de-sao-jorge/","url":"https://atumsantacatarina.com/produto_info/filete-de-atum-em-azeite-120g-ermida-de-santo-cristo-ilha-de-sao-jorge/","name":"Filete de atum em azeite 120g - Ermida de Santo Cristo (Ilha de São Jorge) - Atum Santa Catarina","isPartOf":{"@id":"https://atumsantacatarina.com/#website"},"primaryImageOfPage":{"@id":"https://atumsantacatarina.com/produto_info/filete-de-atum-em-azeite-120g-ermida-de-santo-cristo-ilha-de-sao-jorge/#primaryimage"},"image":{"@id":"https://atumsantacatarina.com/produto_info/filete-de-atum-em-azeite-120g-ermida-de-santo-cristo-ilha-de-sao-jorge/#primaryimage"},"thumbnailUrl":"https://atumsantacatarina.com/wp-content/uploads/2025/06/artboard-10.jpg","datePublished":"2025-06-27T10:37:51+00:00","dateModified":"2025-09-16T14:11:27+00:00","breadcrumb":{"@id":"https://atumsantacatarina.com/produto_info/filete-de-atum-em-azeite-120g-ermida-de-santo-cristo-ilha-de-sao-jorge/#breadcrumb"},"inLanguage":"en-GB","potentialAction":[{"@type":"ReadAction","target":["https://atumsantacatarina.com/produto_info/filete-de-atum-em-azeite-120g-ermida-de-santo-cristo-ilha-de-sao-jorge/"]}]},{"@type":"ImageObject","inLanguage":"en-GB","@id":"https://atumsantacatarina.com/produto_info/filete-de-atum-em-azeite-120g-ermida-de-santo-cristo-ilha-de-sao-jorge/#primaryimage","url":"https://atumsantacatarina.com/wp-content/uploads/2025/06/artboard-10.jpg","contentUrl":"https://atumsantacatarina.com/wp-content/uploads/2025/06/artboard-10.jpg","width":1000,"height":1500},{"@type":"BreadcrumbList","@id":"https://atumsantacatarina.com/produto_info/filete-de-atum-em-azeite-120g-ermida-de-santo-cristo-ilha-de-sao-jorge/#breadcrumb","itemListElement":[{"@type":"ListItem","position":1,"name":"Início","item":"https://atumsantacatarina.com/"},{"@type":"ListItem","position":2,"name":"Filete de atum em azeite 120g &#8211; Ermida de Santo Cristo (Ilha de São Jorge)"}]},{"@type":"WebSite","@id":"https://atumsantacatarina.com/#website","url":"https://atumsantacatarina.com/","name":"Atum Santa Catarina","description":"","potentialAction":[{"@type":"SearchAction","target":{"@type":"EntryPoint","urlTemplate":"https://atumsantacatarina.com/?s={search_term_string}"},"query-input":"required name=search_term_string"}],"inLanguage":"en-GB"}]}</script>
<!-- / Yoast SEO plugin. -->

Filete de atum em azeite 120g - Ermida de Santo Cristo (Ilha de São Jorge) - Atum Santa Catarina

Ermida de Santo Cristo (Ilha de São Jorge) &#8211; local de fé e peregrinação. Esta fajã, possivelmente uma das mais bonitas e sem dúvida a mais famosa fajã da ilha de São Jorge. Em 1984 foi classificada como Reserva Natural, pelo Governo Regional dos Açores, especialmente por causa da existência de amêijoas na sua Lagoa. [&hellip;]

Início
