{"id":1053,"date":"2025-06-27T09:38:01","date_gmt":"2025-06-27T10:38:01","guid":{"rendered":"https:\/\/atumsantacatarina.com\/?post_type=produto_info&#038;p=1053"},"modified":"2025-09-16T13:12:14","modified_gmt":"2025-09-16T14:12:14","slug":"filete-de-atum-em-azeite-120g-farol-do-topo-ilha-de-sao-jorge","status":"publish","type":"produto_info","link":"https:\/\/atumsantacatarina.com\/en\/produto_info\/filete-de-atum-em-azeite-120g-farol-do-topo-ilha-de-sao-jorge\/","title":{"rendered":"Filete de atum em azeite 120g &#8211; Farol do Topo (Ilha de S\u00e3o Jorge)"},"content":{"rendered":"<p><strong>Farol do Topo (Ilha de S\u00e3o Jorge)<\/strong><\/p>\n<p>O Farol da Ponta do Topo localiza-se na Ponta do Topo, extremo sueste da ilha de S\u00e3o Jorge, A\u00e7ores. A sua lanterna est\u00e1 situada a 58 metros acima do n\u00edvel do mar.<\/p>\n<p>O farol tem o n\u00famero nacional 772 e o n\u00famero internacional D-2680 e \u00e9 constitu\u00eddo por uma torre cil\u00edndrica branca de 3 metros de altura, com edif\u00edcios anexos, encimada pela estrutura \u00f3ptica, a qual, em conjunto com a torre e o edif\u00edcio sobre o qual assenta, perfaz 16 metros de altura total. Tem um alcance luminoso de 20 milhas n\u00e1uticas, sendo o seu sistema iluminante constitu\u00eddo por um pedestal rotativo com \u00f3pticas seladas funcionando com as seguintes caracter\u00edsticas &#8211; Fl(3) 20s58m20M.<\/p>\n<p>O farol foi inaugurado em 1927, tendo sofrido grandes repara\u00e7\u00f5es na sequ\u00eancia do terramoto de 1980, que o danificou severamente.<\/p>","protected":false},"excerpt":{"rendered":"<p>Farol do Topo (Ilha de S\u00e3o Jorge) O Farol da Ponta do Topo localiza-se na Ponta do Topo, extremo sueste da ilha de S\u00e3o Jorge, A\u00e7ores. A sua lanterna est\u00e1 situada a 58 metros acima do n\u00edvel do mar. O farol tem o n\u00famero nacional 772 e o n\u00famero internacional D-2680 e \u00e9 constitu\u00eddo por [&hellip;]<\/p>","protected":false},"featured_media":1202,"parent":0,"template":"","meta":{"_acf_changed":false},"categoria_prod":[45,32],"class_list":["post-1053","produto_info","type-produto_info","status-publish","has-post-thumbnail","hentry","categoria_prod-edicoes-especiais","categoria_prod-santa-catarina"],"acf":[],"yoast_head":"<!-- This site is optimized with the Yoast SEO plugin v22.4 - https:\/\/yoast.com\/wordpress\/plugins\/seo\/ -->\n<title>Filete de atum em azeite 120g - Farol do Topo (Ilha de S\u00e3o Jorge) - Atum Santa Catarina<\/title>\n<meta name=\"robots\" content=\"index, follow, max-snippet:-1, max-image-preview:large, max-video-preview:-1\" \/>\n<link rel=\"canonical\" href=\"https:\/\/atumsantacatarina.com\/en\/produto_info\/filete-de-atum-em-azeite-120g-farol-do-topo-ilha-de-sao-jorge\/\" \/>\n<meta property=\"og:locale\" content=\"en_GB\" \/>\n<meta property=\"og:type\" content=\"article\" \/>\n<meta property=\"og:title\" content=\"Filete de atum em azeite 120g - Farol do Topo (Ilha de S\u00e3o Jorge) - Atum Santa Catarina\" \/>\n<meta property=\"og:description\" content=\"Farol do Topo (Ilha de S\u00e3o Jorge) O Farol da Ponta do Topo localiza-se na Ponta do Topo, extremo sueste da ilha de S\u00e3o Jorge, A\u00e7ores. A sua lanterna est\u00e1 situada a 58 metros acima do n\u00edvel do mar. O farol tem o n\u00famero nacional 772 e o n\u00famero internacional D-2680 e \u00e9 constitu\u00eddo por [&hellip;]\" \/>\n<meta property=\"og:url\" content=\"https:\/\/atumsantacatarina.com\/en\/produto_info\/filete-de-atum-em-azeite-120g-farol-do-topo-ilha-de-sao-jorge\/\" \/>\n<meta property=\"og:site_name\" content=\"Atum Santa Catarina\" \/>\n<meta property=\"article:modified_time\" content=\"2025-09-16T14:12:14+00:00\" \/>\n<meta property=\"og:image\" content=\"https:\/\/atumsantacatarina.com\/wp-content\/uploads\/2025\/06\/artboard-11-scaled.png\" \/>\n\t<meta property=\"og:image:width\" content=\"1707\" \/>\n\t<meta property=\"og:image:height\" content=\"2560\" \/>\n\t<meta property=\"og:image:type\" content=\"image\/png\" \/>\n<meta name=\"twitter:card\" content=\"summary_large_image\" \/>\n<meta name=\"twitter:label1\" content=\"Estimated reading time\" \/>\n\t<meta name=\"twitter:data1\" content=\"1 minute\" \/>\n<script type=\"application\/ld+json\" class=\"yoast-schema-graph\">{\"@context\":\"https:\/\/schema.org\",\"@graph\":[{\"@type\":\"WebPage\",\"@id\":\"https:\/\/atumsantacatarina.com\/produto_info\/filete-de-atum-em-azeite-120g-farol-do-topo-ilha-de-sao-jorge\/\",\"url\":\"https:\/\/atumsantacatarina.com\/produto_info\/filete-de-atum-em-azeite-120g-farol-do-topo-ilha-de-sao-jorge\/\",\"name\":\"Filete de atum em azeite 120g - Farol do Topo (Ilha de S\u00e3o Jorge) - Atum Santa Catarina\",\"isPartOf\":{\"@id\":\"https:\/\/atumsantacatarina.com\/#website\"},\"primaryImageOfPage\":{\"@id\":\"https:\/\/atumsantacatarina.com\/produto_info\/filete-de-atum-em-azeite-120g-farol-do-topo-ilha-de-sao-jorge\/#primaryimage\"},\"image\":{\"@id\":\"https:\/\/atumsantacatarina.com\/produto_info\/filete-de-atum-em-azeite-120g-farol-do-topo-ilha-de-sao-jorge\/#primaryimage\"},\"thumbnailUrl\":\"https:\/\/atumsantacatarina.com\/wp-content\/uploads\/2025\/06\/artboard-11-scaled.png\",\"datePublished\":\"2025-06-27T10:38:01+00:00\",\"dateModified\":\"2025-09-16T14:12:14+00:00\",\"breadcrumb\":{\"@id\":\"https:\/\/atumsantacatarina.com\/produto_info\/filete-de-atum-em-azeite-120g-farol-do-topo-ilha-de-sao-jorge\/#breadcrumb\"},\"inLanguage\":\"en-GB\",\"potentialAction\":[{\"@type\":\"ReadAction\",\"target\":[\"https:\/\/atumsantacatarina.com\/produto_info\/filete-de-atum-em-azeite-120g-farol-do-topo-ilha-de-sao-jorge\/\"]}]},{\"@type\":\"ImageObject\",\"inLanguage\":\"en-GB\",\"@id\":\"https:\/\/atumsantacatarina.com\/produto_info\/filete-de-atum-em-azeite-120g-farol-do-topo-ilha-de-sao-jorge\/#primaryimage\",\"url\":\"https:\/\/atumsantacatarina.com\/wp-content\/uploads\/2025\/06\/artboard-11-scaled.png\",\"contentUrl\":\"https:\/\/atumsantacatarina.com\/wp-content\/uploads\/2025\/06\/artboard-11-scaled.png\",\"width\":1707,\"height\":2560},{\"@type\":\"BreadcrumbList\",\"@id\":\"https:\/\/atumsantacatarina.com\/produto_info\/filete-de-atum-em-azeite-120g-farol-do-topo-ilha-de-sao-jorge\/#breadcrumb\",\"itemListElement\":[{\"@type\":\"ListItem\",\"position\":1,\"name\":\"In\u00edcio\",\"item\":\"https:\/\/atumsantacatarina.com\/\"},{\"@type\":\"ListItem\",\"position\":2,\"name\":\"Filete de atum em azeite 120g &#8211; Farol do Topo (Ilha de S\u00e3o Jorge)\"}]},{\"@type\":\"WebSite\",\"@id\":\"https:\/\/atumsantacatarina.com\/#website\",\"url\":\"https:\/\/atumsantacatarina.com\/\",\"name\":\"Atum Santa Catarina\",\"description\":\"\",\"potentialAction\":[{\"@type\":\"SearchAction\",\"target\":{\"@type\":\"EntryPoint\",\"urlTemplate\":\"https:\/\/atumsantacatarina.com\/?s={search_term_string}\"},\"query-input\":\"required name=search_term_string\"}],\"inLanguage\":\"en-GB\"}]}<\/script>\n<!-- \/ Yoast SEO plugin. -->","yoast_head_json":{"title":"Filete de atum em azeite 120g - Farol do Topo (Ilha de S\u00e3o Jorge) - Atum Santa Catarina","robots":{"index":"index","follow":"follow","max-snippet":"max-snippet:-1","max-image-preview":"max-image-preview:large","max-video-preview":"max-video-preview:-1"},"canonical":"https:\/\/atumsantacatarina.com\/en\/produto_info\/filete-de-atum-em-azeite-120g-farol-do-topo-ilha-de-sao-jorge\/","og_locale":"en_GB","og_type":"article","og_title":"Filete de atum em azeite 120g - Farol do Topo (Ilha de S\u00e3o Jorge) - Atum Santa Catarina","og_description":"Farol do Topo (Ilha de S\u00e3o Jorge) O Farol da Ponta do Topo localiza-se na Ponta do Topo, extremo sueste da ilha de S\u00e3o Jorge, A\u00e7ores. A sua lanterna est\u00e1 situada a 58 metros acima do n\u00edvel do mar. O farol tem o n\u00famero nacional 772 e o n\u00famero internacional D-2680 e \u00e9 constitu\u00eddo por [&hellip;]","og_url":"https:\/\/atumsantacatarina.com\/en\/produto_info\/filete-de-atum-em-azeite-120g-farol-do-topo-ilha-de-sao-jorge\/","og_site_name":"Atum Santa Catarina","article_modified_time":"2025-09-16T14:12:14+00:00","og_image":[{"width":1707,"height":2560,"url":"https:\/\/atumsantacatarina.com\/wp-content\/uploads\/2025\/06\/artboard-11-scaled.png","type":"image\/png"}],"twitter_card":"summary_large_image","twitter_misc":{"Estimated reading time":"1 minute"},"schema":{"@context":"https:\/\/schema.org","@graph":[{"@type":"WebPage","@id":"https:\/\/atumsantacatarina.com\/produto_info\/filete-de-atum-em-azeite-120g-farol-do-topo-ilha-de-sao-jorge\/","url":"https:\/\/atumsantacatarina.com\/produto_info\/filete-de-atum-em-azeite-120g-farol-do-topo-ilha-de-sao-jorge\/","name":"Filete de atum em azeite 120g - Farol do Topo (Ilha de S\u00e3o Jorge) - Atum Santa Catarina","isPartOf":{"@id":"https:\/\/atumsantacatarina.com\/#website"},"primaryImageOfPage":{"@id":"https:\/\/atumsantacatarina.com\/produto_info\/filete-de-atum-em-azeite-120g-farol-do-topo-ilha-de-sao-jorge\/#primaryimage"},"image":{"@id":"https:\/\/atumsantacatarina.com\/produto_info\/filete-de-atum-em-azeite-120g-farol-do-topo-ilha-de-sao-jorge\/#primaryimage"},"thumbnailUrl":"https:\/\/atumsantacatarina.com\/wp-content\/uploads\/2025\/06\/artboard-11-scaled.png","datePublished":"2025-06-27T10:38:01+00:00","dateModified":"2025-09-16T14:12:14+00:00","breadcrumb":{"@id":"https:\/\/atumsantacatarina.com\/produto_info\/filete-de-atum-em-azeite-120g-farol-do-topo-ilha-de-sao-jorge\/#breadcrumb"},"inLanguage":"en-GB","potentialAction":[{"@type":"ReadAction","target":["https:\/\/atumsantacatarina.com\/produto_info\/filete-de-atum-em-azeite-120g-farol-do-topo-ilha-de-sao-jorge\/"]}]},{"@type":"ImageObject","inLanguage":"en-GB","@id":"https:\/\/atumsantacatarina.com\/produto_info\/filete-de-atum-em-azeite-120g-farol-do-topo-ilha-de-sao-jorge\/#primaryimage","url":"https:\/\/atumsantacatarina.com\/wp-content\/uploads\/2025\/06\/artboard-11-scaled.png","contentUrl":"https:\/\/atumsantacatarina.com\/wp-content\/uploads\/2025\/06\/artboard-11-scaled.png","width":1707,"height":2560},{"@type":"BreadcrumbList","@id":"https:\/\/atumsantacatarina.com\/produto_info\/filete-de-atum-em-azeite-120g-farol-do-topo-ilha-de-sao-jorge\/#breadcrumb","itemListElement":[{"@type":"ListItem","position":1,"name":"In\u00edcio","item":"https:\/\/atumsantacatarina.com\/"},{"@type":"ListItem","position":2,"name":"Filete de atum em azeite 120g &#8211; Farol do Topo (Ilha de S\u00e3o Jorge)"}]},{"@type":"WebSite","@id":"https:\/\/atumsantacatarina.com\/#website","url":"https:\/\/atumsantacatarina.com\/","name":"Atum Santa Catarina","description":"","potentialAction":[{"@type":"SearchAction","target":{"@type":"EntryPoint","urlTemplate":"https:\/\/atumsantacatarina.com\/?s={search_term_string}"},"query-input":"required name=search_term_string"}],"inLanguage":"en-GB"}]}},"_links":{"self":[{"href":"https:\/\/atumsantacatarina.com\/en\/wp-json\/wp\/v2\/produto_info\/1053","targetHints":{"allow":["GET"]}}],"collection":[{"href":"https:\/\/atumsantacatarina.com\/en\/wp-json\/wp\/v2\/produto_info"}],"about":[{"href":"https:\/\/atumsantacatarina.com\/en\/wp-json\/wp\/v2\/types\/produto_info"}],"wp:featuredmedia":[{"embeddable":true,"href":"https:\/\/atumsantacatarina.com\/en\/wp-json\/wp\/v2\/media\/1202"}],"wp:attachment":[{"href":"https:\/\/atumsantacatarina.com\/en\/wp-json\/wp\/v2\/media?parent=1053"}],"wp:term":[{"taxonomy":"categoria_prod","embeddable":true,"href":"https:\/\/atumsantacatarina.com\/en\/wp-json\/wp\/v2\/categoria_prod?post=1053"}],"curies":[{"name":"wp","href":"https:\/\/api.w.org\/{rel}","templated":true}]}}

Filete de atum em azeite 120g &#8211; Farol do Topo (Ilha de São Jorge)

<p><strong>Farol do Topo (Ilha de São Jorge)</strong></p>
<p>O Farol da Ponta do Topo localiza-se na Ponta do Topo, extremo sueste da ilha de São Jorge, Açores. A sua lanterna está situada a 58 metros acima do nível do mar.</p>
<p>O farol tem o número nacional 772 e o número internacional D-2680 e é constituído por uma torre cilíndrica branca de 3 metros de altura, com edifícios anexos, encimada pela estrutura óptica, a qual, em conjunto com a torre e o edifício sobre o qual assenta, perfaz 16 metros de altura total. Tem um alcance luminoso de 20 milhas náuticas, sendo o seu sistema iluminante constituído por um pedestal rotativo com ópticas seladas funcionando com as seguintes características &#8211; Fl(3) 20s58m20M.</p>
<p>O farol foi inaugurado em 1927, tendo sofrido grandes reparações na sequência do terramoto de 1980, que o danificou severamente.</p>

<p>Farol do Topo (Ilha de São Jorge) O Farol da Ponta do Topo localiza-se na Ponta do Topo, extremo sueste da ilha de São Jorge, Açores. A sua lanterna está situada a 58 metros acima do nível do mar. O farol tem o número nacional 772 e o número internacional D-2680 e é constituído por [&hellip;]</p>

<!-- This site is optimized with the Yoast SEO plugin v22.4 - https://yoast.com/wordpress/plugins/seo/ -->
<title>Filete de atum em azeite 120g - Farol do Topo (Ilha de São Jorge) - Atum Santa Catarina</title>
<meta name="robots" content="index, follow, max-snippet:-1, max-image-preview:large, max-video-preview:-1" />
<link rel="canonical" href="https://atumsantacatarina.com/en/produto_info/filete-de-atum-em-azeite-120g-farol-do-topo-ilha-de-sao-jorge/" />
<meta property="og:locale" content="en_GB" />
<meta property="og:type" content="article" />
<meta property="og:title" content="Filete de atum em azeite 120g - Farol do Topo (Ilha de São Jorge) - Atum Santa Catarina" />
<meta property="og:description" content="Farol do Topo (Ilha de São Jorge) O Farol da Ponta do Topo localiza-se na Ponta do Topo, extremo sueste da ilha de São Jorge, Açores. A sua lanterna está situada a 58 metros acima do nível do mar. O farol tem o número nacional 772 e o número internacional D-2680 e é constituído por [&hellip;]" />
<meta property="og:url" content="https://atumsantacatarina.com/en/produto_info/filete-de-atum-em-azeite-120g-farol-do-topo-ilha-de-sao-jorge/" />
<meta property="og:site_name" content="Atum Santa Catarina" />
<meta property="article:modified_time" content="2025-09-16T14:12:14+00:00" />
<meta property="og:image" content="https://atumsantacatarina.com/wp-content/uploads/2025/06/artboard-11-scaled.png" />
	<meta property="og:image:width" content="1707" />
	<meta property="og:image:height" content="2560" />
	<meta property="og:image:type" content="image/png" />
<meta name="twitter:card" content="summary_large_image" />
<meta name="twitter:label1" content="Estimated reading time" />
	<meta name="twitter:data1" content="1 minute" />
<script type="application/ld+json" class="yoast-schema-graph">{"@context":"https://schema.org","@graph":[{"@type":"WebPage","@id":"https://atumsantacatarina.com/produto_info/filete-de-atum-em-azeite-120g-farol-do-topo-ilha-de-sao-jorge/","url":"https://atumsantacatarina.com/produto_info/filete-de-atum-em-azeite-120g-farol-do-topo-ilha-de-sao-jorge/","name":"Filete de atum em azeite 120g - Farol do Topo (Ilha de São Jorge) - Atum Santa Catarina","isPartOf":{"@id":"https://atumsantacatarina.com/#website"},"primaryImageOfPage":{"@id":"https://atumsantacatarina.com/produto_info/filete-de-atum-em-azeite-120g-farol-do-topo-ilha-de-sao-jorge/#primaryimage"},"image":{"@id":"https://atumsantacatarina.com/produto_info/filete-de-atum-em-azeite-120g-farol-do-topo-ilha-de-sao-jorge/#primaryimage"},"thumbnailUrl":"https://atumsantacatarina.com/wp-content/uploads/2025/06/artboard-11-scaled.png","datePublished":"2025-06-27T10:38:01+00:00","dateModified":"2025-09-16T14:12:14+00:00","breadcrumb":{"@id":"https://atumsantacatarina.com/produto_info/filete-de-atum-em-azeite-120g-farol-do-topo-ilha-de-sao-jorge/#breadcrumb"},"inLanguage":"en-GB","potentialAction":[{"@type":"ReadAction","target":["https://atumsantacatarina.com/produto_info/filete-de-atum-em-azeite-120g-farol-do-topo-ilha-de-sao-jorge/"]}]},{"@type":"ImageObject","inLanguage":"en-GB","@id":"https://atumsantacatarina.com/produto_info/filete-de-atum-em-azeite-120g-farol-do-topo-ilha-de-sao-jorge/#primaryimage","url":"https://atumsantacatarina.com/wp-content/uploads/2025/06/artboard-11-scaled.png","contentUrl":"https://atumsantacatarina.com/wp-content/uploads/2025/06/artboard-11-scaled.png","width":1707,"height":2560},{"@type":"BreadcrumbList","@id":"https://atumsantacatarina.com/produto_info/filete-de-atum-em-azeite-120g-farol-do-topo-ilha-de-sao-jorge/#breadcrumb","itemListElement":[{"@type":"ListItem","position":1,"name":"Início","item":"https://atumsantacatarina.com/"},{"@type":"ListItem","position":2,"name":"Filete de atum em azeite 120g &#8211; Farol do Topo (Ilha de São Jorge)"}]},{"@type":"WebSite","@id":"https://atumsantacatarina.com/#website","url":"https://atumsantacatarina.com/","name":"Atum Santa Catarina","description":"","potentialAction":[{"@type":"SearchAction","target":{"@type":"EntryPoint","urlTemplate":"https://atumsantacatarina.com/?s={search_term_string}"},"query-input":"required name=search_term_string"}],"inLanguage":"en-GB"}]}</script>
<!-- / Yoast SEO plugin. -->

Filete de atum em azeite 120g - Farol do Topo (Ilha de São Jorge) - Atum Santa Catarina

Farol do Topo (Ilha de São Jorge) O Farol da Ponta do Topo localiza-se na Ponta do Topo, extremo sueste da ilha de São Jorge, Açores. A sua lanterna está situada a 58 metros acima do nível do mar. O farol tem o número nacional 772 e o número internacional D-2680 e é constituído por [&hellip;]

Início
